 n. Calculate the highest common divisor of f and 120.
15
Let q = 141 + -139. Suppose 3*d + 4*v = 136, 2*d - q*v = -27 + 141. What is the greatest common divisor of 4 and d?
4
Suppose 2*l - 9 = -3*m, -4*m - 3 = 2*l - 7. Suppose 8*o = 3*o + 80. Calculate the greatest common factor of o and l.
4
Let o(z) = -253*z**3 - z - 2. Let q be o(-1). Calculate the highest common factor of q and 180.
36
Let s(d) be the first derivative of d**3/3 - 5*d**2/2 + 14*d - 34. Let a be s(-6). What is the highest common factor of 10 and a?
10
Let w = 9 - 2. Let q be (34/(-8))/(7/(-28)). Let g = q - w. What is the greatest common factor of g and 50?
10
Let a be (2 + -16)/(88/(-3124)). What is the greatest common divisor of 7 and a?
7
Let x(z) = -z + 2. Let b be x(16). Let s = b - -20. Suppose 0 = h - s + 1. What is the greatest common divisor of 15 and h?
5
Let z(j) = -4*j**3 - 111*j**2 + 24*j + 46. Let m be z(-28). Calculate the highest common divisor of m and 395.
79
Let x be 9/(-3) + 5 + (13 - -597). Calculate the greatest common factor of 12 and x.
12
Let l be (-516)/(-26) - (-4 + 250/65). What is the greatest common divisor of l and 20?
20
Let b(i) = i**3 - 3*i**2 - 5*i - 6. Let n be b(6). Suppose -3*q + 4*s + 47 = -0*q, s + 32 = 3*q. Calculate the greatest common factor of q and n.
9
Suppose 12*t - 10*t - 495 = -3*j, -2*j - t = -330. Calculate the highest common divisor of 135 and j.
15
Suppose -2*b = 6*t - 2*t, 4*t - 3*b - 10 = 0. Let z be (-1 + t/2)/((-23)/7038). What is the greatest common divisor of 17 and z?
17
Let i = -146 - -220. Calculate the highest common factor of i and 2.
2
Let s be (4/(-40))/(3/(-30)). Let q be (-64)/((1 + (-12)/4)/s). What is the highest common divisor of q and 16?
16
Suppose -8*l = -0*l - 160. What is the highest common factor of 28 and l?
4
Suppose w + 0*w = 0. Let x(k) = k**3 - k**2 - 2*k + 4. Let u be x(w). Calculate the greatest common factor of u and 6.
2
Let f = 34 - 20. Let v be 1/(-3) + f/6. Suppose 104 = -h + v*h. What is the highest common divisor of h and 26?
26
Let g(j) = j**2 + 27*j + 28. Let v be g(-27). What is the greatest common divisor of 588 and v?
28
Let v be 26/6 + (-2)/6. Suppose -4*j + 88 = v*y, -3*y + 0*j = -j - 62. What is the highest common divisor of y and 189?
21
Suppose 2 = 4*a - 2. Let r be (-14)/(1/a)*3/(-2). What is the highest common factor of 14 and r?
7
Suppose 4*t - 1860 = -0*j - 4*j, 4*j - 1896 = 5*t. What is the highest common factor of 67 and j?
67
Let v(f) = f**2 + 7*f + 8. Let a be v(-10). Calculate the highest common divisor of 494 and a.
38
Let m = -1444 - -1548. What is the highest common factor of m and 780?
52
Let c be (-51036)/(-16) + (-22)/(-88). Calculate the greatest common divisor of c and 22.
22
Let h(y) = 2*y**3 - 6*y**2 + 8*y - 7. Let x be h(7). Calculate the greatest common factor of 63 and x.
63
Let f be 66 + 0*3/(-9). Let x be (-354)/826 + 1238/14. What is the greatest common factor of f and x?
22
Suppose d + 7 = 21. Let a be d/(-3)*36/(-42). Suppose 16 = z - a*s, 0*z - 2*z + 11 = -s. Calculate the greatest common divisor of 1 and z.
1
Let k be -4 - (-4 - (-5 - -9)). What is the highest common factor of k and 284?
4
Let h be 4*(-4 - (-19)/4). Suppose -f + 6 + h = 0. What is the greatest common factor of 9 and f?
9
Let u = -86 + 133. Let z be (-2 - 0)/2 - -1. Suppose z = -3*r - v + u, -1 = v - 0. What is the highest common divisor of r and 24?
8
Suppose -2*x - 5*x + 105 = 0. Let y(j) = -12*j**3 - 2*j**2 - 2*j - 1. Let s be y(-1). Let o = s - 8. What is the highest common factor of o and x?
3
Suppose 25*j + 170 = 30*j. Calculate the highest common factor of j and 34.
34
Suppose 0*k + k = 3*b - 6, 0 = -k - b + 14. Let s = 12 - 13. Let h(x) = -73*x - 1. Let l be h(s). What is the greatest common factor of l and k?
9
Suppose 0 = 13*i - 10*i - 117. Calculate the greatest common factor of i and 65.
13
Suppose 31*c + 1180 = 33*c. Suppose 12*l = 1994 - c. Suppose 4*t = -20, 4*k + 2*t - 37 = -t. What is the highest common factor of l and k?
13
Let p(k) = -2*k + 1. Let m = 2 - 18. Let u = 16 + m. Let f be p(u). What is the highest common factor of 1 and f?
1
Let m = 21 + -19. Let v be (-28)/(-14) + 29 + m. Let n(q) = q**2 + 7*q + 9. Let d be n(-6). Calculate the greatest common factor of d and v.
3
Let q(h) = h**3 + 10*h**2 + h - 4. Let l be q(-10). Let d be (-7)/(l/236) - -2. Calculate the highest common factor of d and 15.
15
Let d = 98 + -79. Suppose d*v - 6*v = 117. Calculate the greatest common divisor of 153 and v.
9
Suppose -216 - 79 = -5*o. Suppose 158 = 3*b + o. Calculate the highest common factor of 3 and b.
3
Let h = -7 + 34. What is the highest common factor of 432 and h?
27
Let o be (8/(-12))/(1/(-6)). Suppose -h - o*x = -3*h + 172, -5*h = 4*x - 388. Let b be h - 2/(4/6). Calculate the highest common factor of 11 and b.
11
Let o(w) = 2*w - 6*w + 3*w + 1. Let s(h) = 5*h**2 - 3*h - 2. Let p(d) = o(d) + s(d). Let k be p(-5). What is the greatest common divisor of k and 18?
18
Let m be 2 - (0 - (10 - 1)). Let u = m - 11. Suppose -k + 48 = i, -4*i - 4 = -u*i. What is the greatest common factor of k and 7?
7
Suppose 0 = -6*v - 1152 - 96. Let g = -63 - v. Calculate the highest common divisor of 29 and g.
29
Suppose 0 = -4*u - 105 + 109. Let q(m) = m**3 + 6*m**2 + 4*m + 6. Let i be q(-5). What is the highest common divisor of u and i?
1
Let t(s) = -s**2 + 198. Let v be t(0). Let r be 768/14 - (-6)/42. Let l be ((-33)/r)/((-1)/30). Calculate the greatest common divisor of l and v.
18
Let z(x) = x**3 - 7*x**2 - 7*x - 8. Let m be z(8). Let c be (5 - -1) + (1 - m). Calculate the highest common divisor of 56 and c.
7
Let i be (-7)/21 + (-158)/(-6). Suppose -u - g = -104, 0 = -5*u + 3*g + g + 520. Suppose -v = v - u. Calculate the greatest common factor of i and v.
26
Let m = 627 + -603. What is the greatest common factor of 16 and m?
8
Let u be (-411)/(-15) + (-2)/5. Let p = -1595 - -1649. What is the greatest common divisor of p and u?
27
Let k(x) = 4*x**2 + 3*x. Let h be k(-2). Suppose -6*p = -10*p - 1388. Let r be (-36)/(-60) + p/(-5). What is the greatest common factor of h and r?
10
Suppose 12*q = 10*q + 5*u + 114, -3*q + u = -184. Calculate the greatest common factor of q and 62.
62
Suppose 5*v = v + 560. Let a(f) = f**3 + 29*f**2 + 197*f + 2. Let o be a(-18). What is the greatest common factor of o and v?
20
Let w(k) = 6*k**2 - k + 1. Let m be w(1). Suppose 8*g + 2*u - 182 = 3*g, -3*g - 2*u = -110. Calculate the greatest common divisor of g and m.
6
Let r(f) = 11*f**2 - 9*f - 53. Let y be r(-4). What is the greatest common factor of y and 371?
53
Suppose 14*o - 193 = -151. What is the greatest common divisor of 201 and o?
3
Let h = -581 + 596. Calculate the greatest common divisor of 12 and h.
3
Let t be (-236)/(-8) - (-5)/10. Let d = 10 + t. Calculate the highest common factor of d and 10.
10
Let j(f) = f**3 + 4*f**2 - f + 7. Let b be j(-4). What is the highest common factor of b and 451?
11
Let q = -347 - -90. Let i = q + 545. What is the greatest common divisor of i and 36?
36
Let w(m) = -m. Let o be w(-5). Let u = -60 - -60. Let c = o - u. What is the greatest common factor of 1 and c?
1
Suppose 0*z = 11*z - 99. Suppose 5*u = 3*l + 11, -5 = -2*u + 2*l + 1. What is the highest common factor of z and u?
1
Let u be 423/(-81) + 2/9. Let g = 13 + u. Let f be ((-4)/g)/(1/(-48)). Calculate the highest common divisor of f and 12.
12
Let p(l) = -l**2 - 23*l - 70. Let t be p(-13). What is the greatest common factor of t and 1740?
60
Let v = 10 - 0. Let z(n) = -n**3 - 6*n**2 + 6*n. Let b be z(-7). Let a(c) = c**2 + 1. Let j be a(b). Calculate the highest common divisor of v and j.
10
Suppose -i = -4*i + 195. Let d(z) = z**3 - 4*z**2 - 2*z + 4. Let q be d(4). Let h be (-6)/12 - 106/q. Calculate the greatest common divisor of i and h.
13
Let x = -257 - -272. Calculate the greatest common factor of x and 30.
15
Suppose -2*t = 4*h, 0*t + 3*h = -4*t + 5. Let g(w) = -79*w - 92*w + t - 11*w. Let c be g(-1). Calculate the greatest common factor of 23 and c.
23
Let v be (-32)/(-24) - 154*6/(-36). Let u(l) = 3*l**2. Let b be u(1). What is the greatest common divisor of v and b?
3
Let b = 154 - 58. Calculate the highest common factor of 3072 and b.
96
Suppose -233*m = -116*m - 125*m + 48. 